b, -3*b = 2*w - 3086. What are the prime factors of w?
1549
List the prime factors of (-5054)/(-4) + 364/104.
7, 181
Let t = -31 + 36. Let u = t + 6. What are the prime factors of u?
11
Let s = -66 + -2. Let o = s + 168. What are the prime factors of o?
2, 5
Let s be (-34)/(-51) - ((-686)/(-3) - -1). Let x = s + 363. List the prime factors of x.
2, 67
Let m be 3/(-4)*4/(-3) - 2. What are the prime factors of (m + 7/4)/(12/48)?
3
Suppose 530 = -3*h + 13*h. Suppose a = -2*i + h, 6*a - 5*a = 2*i - 43. What are the prime factors of i?
2, 3
Let i(o) = 120*o**3 - o**2 + o - 1. Let c be i(1). Let b = 219 - c. Suppose -3*g - b = -8*g. What are the prime factors of g?
2, 5
Let p(j) = -j**3 + 8*j**2 - 14*j + 2. Let f be p(5). Suppose 3*m = f*m - 200. List the prime factors of m.
2, 5
Suppose 120*u - 201344 = 32*u. What are the prime factors of u?
2, 11, 13
Let h = 135 + 70. List the prime factors of h.
5, 41
Let n be -1 - ((-50)/(-6))/(1/(-75)). Suppose -11*w + 5*w = -n. What are the prime factors of w?
2, 13
Suppose 4 + 10 = 2*c. Let d = c + -2. Suppose -21 = -m - d. What are the prime factors of m?
2
Let j = 243 + -141. Suppose -3*u + j = -9. List the prime factors of u.
37
Suppose y - 3*h + 10 = 0, -5*y = -10*y - 4*h + 7. Let m(j) = -j. Let t be m(y). What are the prime factors of 5/t*6/2?
3, 5
List the prime factors of (1 + 221)*(50/(-30) + 2).
2, 37
Let b(h) = -h**3 - 23*h**2 + 2*h + 2627. What are the prime factors of b(0)?
37, 71
Let z = -6786 - -12940. What are the prime factors of z?
2, 17, 181
Let w = 3916 - 2201. What are the prime factors of w?
5, 7
Let k be (-14)/126 + 19/9. Suppose 2*j + 4*f - 364 = 0, k*j = -0*j - f + 370. List the prime factors of j.
2, 3, 31
List the prime factors of 4030*(-6 + (-185)/(-25) + -1).
2, 13, 31
Let n = -105 - -63. List the prime factors of 7/n - (-133)/6.
2, 11
Suppose a - 4*b = 7, 6*a = 3*a - 4*b + 21. Let i(h) = h**2 + 3*h - 9. List the prime factors of i(a).
61
Let k = 3 - 9. Let f be (-3 + 8)/(2/k). Let i = f - -35. What are the prime factors of i?
2, 5
Let h(n) = 8*n**2 - 9*n - 11. What are the prime factors of h(8)?
3, 11, 13
Suppose -8614 - 997 = -7*l. List the prime factors of l.
1373
Suppose 0 = -10*q + 40*q - 5850. List the prime factors of q.
3, 5, 13
Suppose -o + 3*o = -3*k + 16, 8 = o + 4*k. Suppose -o*p + 13*p - 885 = 0. List the prime factors of p.
3, 59
Suppose d + d = -4*b + 18, 4*b + 7 = 3*d. Let x be 18/(-4)*(-1 + 3). Let w = b - x. What are the prime factors of w?
11
Suppose 0 = 8*z - 9*z - 43. Let h = z + 91. List the prime factors of h.
2, 3
Suppose -2220 - 223 = -5*d - h, 2437 = 5*d - h. What are the prime factors of d?
2, 61
Let b(g) = -g**3 + 3*g**2 - g - 1. Let m be 30/(-105) - (-32)/14. Let t be b(m). Let s = 3 + t. List the prime factors of s.
2
Let j be ((-1)/(-3))/((-6)/(-162)). Suppose -41 - j = -5*t. List the prime factors of (t/30)/((-2)/(-84)).
2, 7
Let i be (2 + (-5)/3)/((-5)/(-1695)). Let n = i - 76. List the prime factors of n.
37
Suppose 5*u - 203 = 4*m + 4*u, -m - 2*u - 44 = 0. Let d = 95 + m. What are the prime factors of d?
3, 5
Let o be ((-6)/(-6))/((-2)/4). What are the prime factors of 258/2 + (o - -5)?
2, 3, 11
Suppose 6*i = 40*i - 25432. List the prime factors of i.
2, 11, 17
Suppose 3*o - 739 = -i, i - o - 293 = 430. What are the prime factors of i?
727
Suppose 4*t + 14 = -5*q + 2*q, -6 = -3*q. Let a = t + 7. Let g(w) = 9*w**2 + 1. What are the prime factors of g(a)?
37
Suppose 3*q - 8 = 4*n - 49, -3*n + 39 = -3*q. Let c(k) = -5*k - 4. What are the prime factors of c(q)?
3, 17
Let i(c) = -15*c + 298. What are the prime factors of i(-40)?
2, 449
Suppose 14114 - 1721 = 17*f. What are the prime factors of f?
3
What are the prime factors of 30862/39*((-5)/(-1) - 2)?
2, 1187
Suppose -1001 = -5*j + 629. What are the prime factors of (-1)/(j/(-790) - (-16)/40)?
79
Suppose 107*o - 101*o = 29508. What are the prime factors of o?
2, 2459
Suppose 240 = -8*r + 2304. List the prime factors of r.
2, 3, 43
Let n = -97 - -103. Suppose -10*t + 1168 = -n*t. List the prime factors of t.
2, 73
Let s(i) = -5*i + 36. Let m(k) = 36*k - 252. Let r(w) = 4*m(w) + 27*s(w). List the prime factors of r(11).
3, 7
Suppose 4*z - 4 = 32. Let u(r) = r**3 - 9*r**2 + 2. Let f be u(z). Suppose 27 = f*n - 11. What are the prime factors of n?
19
Let q = 49 - 51. What are the prime factors of (5 - q)/((-5)/(-240)*3)?
2, 7
Let k be (20/(-8))/5 + (-2230)/4. Let i = -337 - k. List the prime factors of i.
13, 17
Let m be 5 + (2 + 479 - -1). Let k = m + -305. List the prime factors of k.
2, 7, 13
Let c(s) = -22*s + 61. What are the prime factors of c(-4)?
149
Suppose 0*i - 2*i = -6076. List the prime factors of i.
2, 7, 31
Let c be 34/(-51)*18/(-4). Suppose 4*d - 19 = -d - c*n, -5*n + 5 = -5*d. Suppose 4*r = d*r + 20. What are the prime factors of r?
2, 5
Let n = -67 + 101. Let l = 62 - n. List the prime factors of l.
2, 7
Let g(w) = -2*w - 14. Let o be 1/1*44/(-1). Let l = o + 31. What are the prime factors of g(l)?
2, 3
Let k(f) = f**2 - 4*f - 3. Let t be k(5). What are the prime factors of (-4)/t - (-22 - 3/1)?
23
Let u be -5 + 3 - 4 - 1. Let o be 216/(-14)*(0 + u). Suppose -5*f + 5*q + 135 = 0, -4*f + q - 6*q = -o. What are the prime factors of f?
3
Let l be ((-36)/(-24))/((-3)/(-10)). Suppose -2*b = 2*a - 4, -8 = l*a + 2. Suppose 3*i = -5*f + 22, 29 - 13 = b*i. List the prime factors of f.
2
What are the prime factors of (603/99 - 6) + (-27784)/(-22)?
3, 421
Let c(y) = y**3 - 12*y**2 + y + 4. Let f be c(12). Let w = 51 + f. What are the prime factors of w?
67
Suppose -5*y + u + 80 = 0, u = 2*y - 47 + 18. Suppose 6*l - 11*l = 60. Let v = l + y. List the prime factors of v.
5
Let h be (4/5)/(2/5). Suppose -c - h = -4. Suppose 4*p - c - 2 = -2*r, -42 = -5*r - 2*p. What are the prime factors of r?
2, 5
Let l = 10 - 13. List the prime factors of -2 - -25 - (l + 1 + 4).
3, 7
Let i = -36 - -395. List the prime factors of i.
359
Suppose -4*u + 4 + 12 = 0. Let m be (12/8)/(2/u). Suppose -2*w - l = -41, -2*l + 5 = m*l. What are the prime factors of w?
2, 5
Suppose a + 3 = 2. Let j be -5 + a + (0 - 3). Let r = -2 - j. What are the prime factors of r?
7
Suppose 121 = -7*p + 723. Suppose p + 102 = 2*u. List the prime factors of u.
2, 47
Suppose -u = 4*u - 5, -47 = -2*q - u. Suppose -q*s - 489 = -26*s. List the prime factors of s.
163
Let d(z) = 2*z**3 - z**2 - 3*z + 2. Let r be d(2). List the prime factors of 2*12/r - -245.
2, 31
Suppose -21 = 2*q - 7*q - 2*t, -2*t + 9 = q. Suppose -6 = 3*o - 21. Suppose -5*k = -o*d + 30, 0 = -3*d - 4*k - 0*k - q. List the prime factors of d.
3
Suppose 21 = 3*d + 2*r, 5*d - r - 31 = -3*r. Suppose c + i = -i, -5 = d*i. List the prime factors of c.
2
Let d be 247/52 - (-3)/(-4). Suppose 4*h + 180 = s, d*h + 455 + 301 = 4*s. What are the prime factors of s?
2, 3
Suppose 8*x - 4*x - 5*t - 692 = 0, 700 = 4*x - 3*t. List the prime factors of x.
2, 89
Let a(w) = w**3 + 6*w**2 - w - 30. Let h be a(-5). Suppose 16*k - 12*k - 732 = h. What are the prime factors of k?
3, 61
Let w(q) be the first derivative of 11*q**3/3 + q**2/2 + 2*q + 1. Suppose 3 = 4*t + z, -4*z = 5*t + 10 - 0. List the prime factors of w(t).
2, 3
Let v = 2530 - 1567. List the prime factors of v/81 - (-1)/9.
2, 3
Let d be 2/((-24)/20)*-3. Suppose -42 = -d*b - 12. List the prime factors of b*((-33)/(-6) - 3).
3, 5
Let t = 1855 + -1221. What are the prime factors of t?
2, 317
Suppose -2 = -2*k + 2. What are the prime factors of ((-74)/(-6))/(k/12)?
2, 37
Let k(g) = g - 2. Let x be k(5). Suppose 5*f - 4 = 3*n + 12, f - 8 = x*n. Suppose -1 + 5 = 3*l + f*j, -5*j = 5. What are the prime factors of l?
2
Let v(a) be the third derivative of -7*a**4/12 - 6*a**3 - 3*a**2 - 3. List the prime factors of v(-8).
2, 19
Suppose 3*s + 0*z = 5*z - 20, -3*s - 4*z = -16. Suppose s = -0*y + 5*y. Suppose -m + 2*i = i - 4, m - 2*i - 2 = y. What are the prime factors of m?
2, 3
Let x(h) = -h**3 + 17*h**2 - 21*h - 5. What are the prime factors of x(11)?
2, 5, 7
Let k be 11/(-4 - 9/(-2)). Let z = -3 + k. What are the prime factors of z?
19
What are the prime factors of (-6618)/(-36) - 5 - (-2)/12?
179
Let g(l) = -80*l - 212. List the prime factors of g(-31).
2, 3, 7
Let h(t) = 2*t**2 - 3. Let z = -8 - -4. Let s = 1 + z. What are the prime fact